Let a(r) = 862*r**2 + 114*r + 63. What is the hundreds digit of a(-4)?
3
Let f(n) be the third derivative of -5*n**4/3 + 30*n**3 - 69*n**2 - 1. What is the hundreds digit of f(-21)?
0
Suppose -48*w = -42*w + 36. What is the hundreds digit of (-1738)/(-3) + (-4)/w?
5
Suppose -11*m + 3*w + 18960 = -8*m, 0 = -m + 3*w + 6328. What is the units digit of 14/(-77) + m/11?
4
Let u(v) be the second derivative of 140*v**3/3 + 9*v**2/2 + 53*v. What is the tens digit of u(1)?
8
Suppose -3*n + 4464 - 2181 = -4959. What is the tens digit of n?
1
Suppose 2*d = 2*x - d + 1617, -2*x - 1616 = -4*d. Let w = 1300 + x. What is the tens digit of w?
9
Let x(q) = -2*q**2 - 12*q - 2. Let y be x(-5). Let b = 25 + y. Suppose 3*l = b + 279. What is the tens digit of l?
0
Suppose -3*k = 5*p - 18795, -8505 - 10338 = -3*k + 3*p. What is the thousands digit of k?
6
Let x(m) = -27*m**2 - 1124*m - 33. What is the hundreds digit of x(-16)?
0
What is the hundreds digit of 4/62 - 672/(-992)*28266?
1
Let v(f) = -2*f + 30. Let r be v(20). What is the hundreds digit of 145/r*(0 + -22)?
3
Let h be (80/12)/(1/3). Suppose l - 4*w = -8*w + 23, 4*l = 2*w + h. Let d(m) = m**3 - 4*m**2 - 15*m - 11. What is the units digit of d(l)?
1
Let p = 22144 + -3548. What is the hundreds digit of p?
5
Suppose c = -5*r + 37, -19*c + 5*r - 9 = -16*c. Let b(q) = q**2 - q + 5*q - 2*q. What is the tens digit of b(c)?
6
Suppose -3*q + 1924 = 739. Suppose -3*g - q = 2*g. Let v = g - -129. What is the units digit of v?
0
Let p(m) be the first derivative of -229*m**2/2 - m - 192. What is the thousands digit of p(-6)?
1
Suppose -57 + 7 = -5*a. Let s(i) = -65*i + i**3 - 67*i - 8*i**2 + 4 - 60*i + 182*i. What is the hundreds digit of s(a)?
1
Let s(i) = 47*i**2 + 42*i + 3. What is the units digit of s(8)?
7
What is the hundreds digit of (132/10)/((-11)/(557920/(-24)))?
8
Suppose 0 = 3*q + 4*a - 42631, 5*q + a = 23818 + 47228. What is the tens digit of q?
0
Let r be (2/4)/((125/30)/25). Suppose 11*c - 2*h = 15*c - 4352, -2*h + 3262 = r*c. What is the units digit of c?
0
Suppose l - 4546 = -5*z, -9244 = -3*l + 4*z + 4432. What is the hundreds digit of l?
5
Let l = -20765 - -29834. What is the hundreds digit of l?
0
What is the thousands digit of (-36)/(-192)*20568*(-16)/(-6)?
0
Let c be 4/(-2) + 13/((-65)/(-50)). Let z(i) = i**3 - 6*i**2 - 14*i - 7. Let f be z(c). What is the tens digit of (27/(-12))/f*4*-14?
1
What is the thousands digit of (-95)/(-19) + 17/(-51) + 451182/9?
0
Let u(f) = 306*f**2 - 438*f + 4039. What is the ten thousands digit of u(9)?
2
Suppose -4*c + 5*c = 101. Let u = 305 + c. What is the units digit of u?
6
Let m(k) = 3155*k**2 - 517*k + 1029. What is the thousands digit of m(2)?
2
Let c(d) = 4*d**2 + 220*d - 181. What is the units digit of c(-74)?
3
Let q(k) = k**3 + 15*k**2 + 15*k + 18. Let a be q(-14). Suppose 6*p = 20 + a. Suppose 3*x = p*v - 124, 0 = 2*x - 3*x - 4. What is the units digit of v?
8
Suppose -122 = -7*v - 87. Suppose -4*t + v*g = -2312, 18*g + 2890 = 5*t + 19*g. What is the units digit of t?
8
What is the hundreds digit of (189/(-18))/(-7)*2354?
5
Let q = 36131 - 24876. What is the hundreds digit of q?
2
Let a = -27925 - -55369. What is the units digit of a?
4
Suppose -1967*v + 2046*v = 1870404. What is the hundreds digit of v?
6
Let k = 124 + -119. Suppose -3*l + k*t + 554 = 0, -4*l + 3*t - 146 + 870 = 0. What is the hundreds digit of l?
1
Suppose n = 3*y + 1733, -4*n + 6917 = 14*y - 11*y. Let m = n - 950. What is the tens digit of m?
8
Suppose 0 = 25*k + 30*k - 1380940. What is the tens digit of k?
0
Let u be ((-165)/(-385) + 1/14)*786. Let r = 506 - u. What is the units digit of r?
3
Let y(s) = -5684*s - 507. What is the tens digit of y(-2)?
6
What is the hundreds digit of 90/(-13 + 7) + 3431?
4
Let f(v) = -v + 3. Suppose 6*p + 5 + 7 = 0. Let d be f(p). Suppose -4*l - 2*c - 132 = -8*l, -d*c = 0. What is the tens digit of l?
3
Let x(i) = 135*i + 915. What is the units digit of x(41)?
0
Let k(j) = -2*j - 6. Let t = -34 - -79. Let p be (-420)/t + 2/6. What is the tens digit of k(p)?
1
Suppose -23455 - 1168 = -2*r + n, -n = r - 12322. What is the hundreds digit of r?
3
Suppose -31 = -2*j - 5*y, 6*j - 3*j + 5*y - 34 = 0. Let p be ((-132)/(-5))/(-2)*(-100)/j. Suppose p = 5*f + 4*m, 4*m - 3*m = 5. What is the tens digit of f?
8
Let c(o) = 453*o + 2. Let a be c(3). Let l = a + 15. What is the tens digit of l?
7
Let b(j) = -j**3 + 27*j**2 + 10*j - 140. Let c(t) = -4*t**3 - 7*t**2 + 5*t - 5. Let n be c(-3). What is the hundreds digit of b(n)?
3
Let g(m) = -39*m**2 + m - 18. Let t be g(-4). What is the tens digit of 497 + 4/18 + t/(-171)?
0
Let d be (240/75)/(2/50). Let h = 10 - 5. Suppose -h*b = 3*b - d. What is the units digit of b?
0
Suppose 24*h - 15958 = -t + 21*h, 6*h = -3*t + 47889. What is the ten thousands digit of t?
1
Let n = 188 - -344. Suppose 4*t + 0*t + 3*w = n, -4*w = 0. Suppose -h + 2*h - 4*l - t = 0, 3*h - 434 = 5*l. What is the tens digit of h?
5
Let n = 421 - 214. Let q be (0 + 4/6)*n. Let o = q - 43. What is the units digit of o?
5
Suppose -5*t = 4*n - 196, 5*n - 262 = -3*t + t. Suppose -242 = -2*o + 2*a, o + n - 163 = -5*a. What is the hundreds digit of o?
1
Let s(h) = h**2 + 2. Let f(u) = 107*u**2 - 2*u - 20. Let w(m) = f(m) + 6*s(m). What is the units digit of w(-2)?
8
Suppose 22*f - 60 = 17*f. What is the units digit of (-1*f/4)/((-6)/122)?
1
Let x = 60 - 38. Suppose -3*z + 3*s - 10 = -7*z, 5*z = s + x. Suppose 5*m - z*u - 198 = -7*u, u = m - 38. What is the units digit of m?
9
Let t(u) = 914*u**3 + 53*u - 185. What is the units digit of t(4)?
3
Let y be 8/(-4)*4/(-2). Suppose -2*g + 1148 = y*b, 861 = 2*b + b + g. What is the tens digit of b?
8
Let v(q) = -235*q**3 + q. Let y be v(-1). Suppose -49*c - 95 = -48*c. Let h = y + c. What is the hundreds digit of h?
1
Let p = 171 + -171. Suppose 0 = 4*t + 3*k - 515, 2*t + p*k = -3*k + 259. What is the hundreds digit of t?
1
What is the hundreds digit of (3 + 64/(-2))*(-2130)/(-1 + 11)?
1
Let f(w) = -4221*w + 4420. What is the hundreds digit of f(-7)?
9
Let y(k) = -41*k**3 + k**2 + k. Let c be y(-2). Let g(j) = j + 11. Let s be g(34). Suppose 3*x + s = c. What is the units digit of x?
5
Let w(k) = 3*k - 27. Let s be w(-19). Let p be -1*-1*358/2. Let q = p + s. What is the tens digit of q?
9
Let k(n) = -3537*n + 3818. What is the ten thousands digit of k(-6)?
2
Suppose -3*b - 4*x + 27517 = 0, 4*x = 1294*b - 1293*b - 9151. What is the hundreds digit of b?
1
Suppose 79*y - 79376 = 246104. What is the units digit of y?
0
Suppose 65637 = 3*b + 2*n - 129146, -b + 64919 = 5*n. What is the hundreds digit of b?
9
Suppose 2*q - 908 = -0*q + 4*s, 0 = -5*q - 4*s + 2256. Suppose -2*t - p - 477 = 0, -p = -5*t - 1040 - 135. Let g = t + q. What is the units digit of g?
6
What is the hundreds digit of (-1*1)/(-9 + 744799/124135 + 3)?
2
Let f(h) = -5*h**3 - 2*h**2 + 1. Let d be f(-2). Let q = -30 + d. Suppose 3*k - 141 = -4*a, -k = -2 + q. What is the tens digit of a?
3
Suppose -5*d - 35 = -h, -2*h + 5*d - d + 64 = 0. What is the units digit of (-3)/h - (-25201)/110?
9
Let k(m) = 10*m - 30. Let f(h) = 10*h - 30. Let p(g) = 5*f(g) - 6*k(g). What is the units digit of p(0)?
0
Let c(s) = -565*s**3 + 2*s**2 + s - 26. Let t be c(-5). Suppose -t + 16212 = -42*z. What is the tens digit of z?
9
Suppose 9714 = 7*n - 25986. What is the tens digit of n?
0
Let r = 11414 - 1352. What is the units digit of r?
2
Let o(s) = -3*s**2 + 2*s + 38. Let r(x) = 3*x**2 - 4*x - 37. Let f(j) = -5*o(j) - 4*r(j). What is the hundreds digit of f(7)?
1
Suppose 7*m = -9*m + 2*m. Suppose m = 2*x - 10, 3*x - 2115 = -5*p + 2*x. What is the units digit of p?
2
Suppose -3*x - 15342 = -6*x + 5*l, 12 = -4*l. What is the thousands digit of x?
5
Let r be -1*(1/4 + (-294)/24). Suppose 4*c + 5 = 3*n - 29, -3*c - r = 0. Let i(a) = 3*a**2 - 5*a + 4. What is the units digit of i(n)?
2
Let l = -139 + 141. Suppose 28 = -l*q + 5*c + 97, -5*c + 12 = q. What is the tens digit of q?
2
Suppose 3*s - 70 - 20 = -2*c, 2*c - s = 98. Let b(k) = 5*k + 23 + 0*k + c. What is the units digit of b(0)?
1
Let c(y) = -254*y + 1314. What is the thousands digit of c(-28)?
8
Let r = -19787 + 46860. What is the units digit of r?
3
Let y be (2*(-65)/30)/((-3)/270). Let d = y + -548. Let c = d - -22